2
In base 9, what is 1632 + -3?
1628
In base 12, what is 50 - -42?
92
In base 14, what is 4b + 2?
4d
In base 15, what is 18a + -3?
187
In base 16, what is 2 - 2ab?
-2a9
In base 7, what is -5241 + -3?
-5244
In base 3, what is -11 + 2012?
2001
In base 10, what is -23773 + -5?
-23778
In base 14, what is -47 + -c?
-55
In base 12, what is -2 - -34?
32
In base 5, what is -141323 - 2?
-141330
In base 5, what is -413104 + 10?
-413044
In base 16, what is -21c9 - -5?
-21c4
In base 12, what is -4 + -626?
-62a
In base 10, what is -217 - -22?
-195
In base 6, what is 3 - -21?
24
In base 2, what is 1 - 100011101100?
-100011101011
In base 6, what is -22 - -213?
151
In base 2, what is 10001101110 + -110?
10001101000
In base 11, what is -2 - -26?
24
In base 8, what is 4262 + 3?
4265
In base 7, what is 65 - 5?
60
In base 4, what is -2202 - 0?
-2202
In base 11, what is 39 - -4?
42
In base 14, what is 12 - 51?
-3d
In base 13, what is -1a - -5?
-15
In base 9, what is -314 - 2?
-316
In base 15, what is 4 + 12?
16
In base 8, what is 1 + 11066?
11067
In base 3, what is 20020 - -112?
20202
In base 13, what is -3 + -38?
-3b
In base 10, what is -2 - -174?
172
In base 15, what is -286 + 4?
-282
In base 6, what is 213 - 113?
100
In base 4, what is -201 + 3111?
2310
In base 2, what is -1010111001 + -10?
-1010111011
In base 6, what is 21 - -45?
110
In base 2, what is 1 + -1011000101?
-1011000100
In base 15, what is 2 - 49?
-47
In base 9, what is 151 - 3?
147
In base 3, what is -2 + 101202?
101200
In base 3, what is 1102 + 1000?
2102
In base 7, what is 330 + -14?
313
In base 15, what is -3 + -90?
-93
In base 5, what is 3 + -44?
-41
In base 16, what is -6cd + 11?
-6bc
In base 15, what is 80 + -25?
5a
In base 9, what is 5 - 240?
-234
In base 16, what is -327 - 5?
-32c
In base 9, what is -3 - -338?
335
In base 6, what is 30 + 4?
34
In base 8, what is 0 - -1525?
1525
In base 3, what is 10111 - -10220?
21101
In base 5, what is -14 + -22203?
-22222
In base 2, what is -111001 - 100101110?
-101100111
In base 4, what is 2 - -113332?
120000
In base 15, what is 4 - -c0?
c4
In base 3, what is 22111200 - 11?
22111112
In base 3, what is -11 - 10110?
-10121
In base 12, what is 3 + -6?
-3
In base 12, what is -5 - -6a?
65
In base 10, what is -6 + 575?
569
In base 15, what is -22 - 2?
-24
In base 16, what is 4 - 183?
-17f
In base 12, what is 27 + -13a?
-113
In base 8, what is 377 + -1?
376
In base 6, what is 3 + -35?
-32
In base 16, what is -d + -c1?
-ce
In base 12, what is -3 - -179?
176
In base 7, what is -2 + 1041?
1036
In base 4, what is 20 - 1222?
-1202
In base 11, what is -2384 + 3?
-2381
In base 16, what is -2 - 2d?
-2f
In base 13, what is c + -29?
-1a
In base 5, what is -1240 + 0?
-1240
In base 3, what is -2000 - -2?
-1221
In base 14, what is -a1 - 32?
-d3
In base 4, what is -211132 + -2?
-211200
In base 12, what is -10b8 + 3?
-10b5
In base 13, what is -2 + 767?
765
In base 15, what is 0 + 2e?
2e
In base 13, what is 4cc + -2?
4ca
In base 16, what is 17 - ef?
-d8
In base 10, what is -9128 + 2?
-9126
In base 15, what is 2e - 3?
2b
In base 16, what is 5 + -8a5?
-8a0
In base 14, what is 45 - 18?
2b
In base 6, what is 54 - 112?
-14
In base 6, what is 5 - 2230?
-2221
In base 14, what is -3 + -153?
-156
In base 2, what is 10000000 + 1010?
10001010
In base 2, what is -1 + 1001101000100?
1001101000011
In base 7, what is 1 + 525?
526
In base 12, what is 0 - -139?
139
In base 2, what is 10 + 100100011011?
100100011101
In base 12, what is 0 - -142?
142
In base 6, what is -3 - 214?
-221
In base 2, what is -101 + -101011100?
-101100001
In base 7, what is 21 + 3?
24
In base 7, what is 136 - -4?
143
In base 6, what is -44 + 234?
150
In base 9, what is -2 + -57?
-60
In base 14, what is 3 + -1b61?
-1b5c
In base 4, what is -231 - 0?
-231
In base 8, what is -2 - -3020?
3016
In base 5, what is -300 - -314?
14
In base 10, what is -3 + -24?
-27
In base 10, what is -1496 + 1?
-1495
In base 7, what is 2 - 253?
-251
In base 16, what is 9 - db?
-d2
In base 9, what is 0 + -608?
-608
In base 5, what is -12 + 411?
344
In base 6, what is -4 - 123?
-131
In base 7, what is 435 - 205?
230
In base 13, what is 761 + -1?
760
In base 4, what is -21210 + 11?
-21133
In base 7, what is 4 - 1005?
-1001
In base 11, what is 1 + 39?
3a
In base 10, what is -198 - -33?
-165
In base 9, what is 4 + -6008?
-6004
In base 10, what is 4 + -17?
-13
In base 13, what is 2 + -24?
-22
In base 7, what is -4 + 10561?
10554
In base 16, what is b - -6?
11
In base 10, what is 18 + -2?
16
In base 2, what is 100 - 1111111101?
-1111111001
In base 9, what is -24266 + -4?
-24271
In base 4, what is -1101 + 31?
-1010
In base 9, what is 24 + 7?
32
In base 16, what is -21 - 5?
-26
In base 13, what is -1341 + 2?
-133c
In base 9, what is 5 - -156?
162
In base 15, what is 4 - 3c?
-38
In base 15, what is -16 - -cb?
b5
In base 12, what is 4 - -1a5?
1a9
In base 16, what is -4 + 23?
1f
In base 5, what is -3141 - -3?
-3133
In base 12, what is -419 + 0?
-419
In base 16, what is -90 - -6?
-8a
In base 4, what is -1120 + 10?
-1110
In base 13, what is c + -2b6?
-2a7
In base 13, what is 2 - 49c?
-49a
In base 16, what is 5 + 40?
45
In base 8, what is -2 - 314?
-316
In base 10, what is -66 - -6?
-60
In base 7, what is -302 + -3?
-305
In base 9, what is 4 + -30?
-25
In base 11, what is 4 - 2?
2
In base 5, what is -1 + 22014?
22013
In base 12, what is -3b - 6?
-45
In base 3, what is 12 - 1120?
-1101
In base 4, what is -1 + 1300121?
1300120
In base 2, what is -101001 + -100?
-101101
In base 5, what is 3 + 231?
234
In base 14, what is 1d + 33?
52
In base 3, what is 120100 - -101?
120201
In base 15, what is -1 - -3c?
3b
In base 8, what is -7 + -106?
-115
In base 4, what is 0 - -32031?
32031
In base 6, what is -5 - 4115?
-4124
In base 2, what is 10100011001100100 + -1?
10100011001100011
In base 2, what is 110 - 1010?
-100
In base 8, what is -7 + 20?
11
In base 11, what is 2 + 533?
535
In base 12, what is -2405 - -1?
-2404
In base 4, what is 10111 - 0?
10111
In base 10, what is 2 + 2522?
2524
In base 10, what is 4 + 74?
78
In base 15, what is -3 + -4a9?
-4ac
In base 2, what is -111 - 10100000?
-10100111
In base 12, what is -152 + 21?
-131
In base 2, what is 0 - 1101101001?
-1101101001
In base 8, what is -246 + 1?
-245
In base 14, what is 1 + -65d?
-65c
In base 4, what is 23 - -11330?
12013
In base 4, what is -10 - -3310?
3300
In base 9, what is 214 - 0?
214
In base 3, what is -11221120 - -12?
-11221101
In base 10, what is -1281 - 0?
-1281
In base 7, what is 3 + -23?
-20
In base 2, what is -101110011 + -101?
-101111000
In base 4, what is -22 + 3312?
3230
In base 13, what is -b + 61?
53
In base 10, what is -492 - -5?
-487
In base 7, what is -452 - 4?
-456
In base 9, what is 187 + 4?
202
In base 13, what is 18 + -a?
b
In base 10, what is -1 - -175?
174
In base 16, what is 1d + 2?
1f
In base 3, what is 0 - -10010?
10010
In base 15, what is 2 - 4?
-2
In base 16, what is 1cc - 5?
1c7
In base 6, what is 1401 + 53?
1454
In base 3, what is -11 + 121102?
121021
In base 10, what is 3 - 43?
-40
In base 10, what is -266 - -14?
-252
In base 2, what is 101001111010011 + 1?
101001111010100
In base 2, what is 10111 + 1011?
100010
In base 12, what is 47 + 2?
49
In base 8, what is 42 - 20?
22
In base 11, what is -10 - 7?
-17
In base 5, what is -1031 - 323?
-1404
In base 10, what is 349 - -5?
354
In base 12, what is 9 - 15?
-8
In base 9, what is -4573 + -4?
-4577
In base 8, what is 612 + -3?
607
In base 15, what is b + 1?
c
In base 3, what is -101022 - 2?
-101101
In base 16, what is -103 - -5?
-fe
In base 7, what is 20 - 42?
-22
In base 2, what is 100001 - -10?
100011
In base 4, what is 30123 + -11?
30112
In base 12, what is 237b - -3?
2382
In base 10, what is 60 - 2?
58
In base 15, what is -4 - -98b?
987
In base 9, what is 5 - 404?
-388
In base 5, what is -11403 + 0?
-11403
In base 15, what is -d - 5?
-13
In base 6, what is -1 + 2003?
2002
In base 9, what is 120 + 6?
126
In base 5, what is 14304 + -3?
14301
In base 9, what is -33 + -566?
-610
In base 12, what is -17 + 15?
-2
In base 14, what is -252 - d?
-261
In base 6, what is -2 + -31?
-33
In base 16, what is 33 - 2?
31
In base 7, what is 5 - -36?
44
In base 10, what is -4 - 33?
-37
In base 13, what is -47 + -4?
-4b
In base 4, what is 10 - 